6) - 4 is divided by 12?
10
Let c = -5 - -13. Suppose 62 = -52*b + 54*b. What is the remainder when b is divided by c?
7
Calculate the remainder when ((-6)/3*12)/(-1) is divided by -1 + -3 - (-11 + -2 + 2).
3
Let u(l) = l**3 - 11*l**2 - 2*l + 12. Let m(f) = f**2. Let y(d) = -4*m(d) - u(d). Calculate the remainder when 2 is divided by y(7).
0
Calculate the remainder when (-35457)/(-265) + 2/(-10)*-1 is divided by 45.
44
Calculate the remainder when 46 is divided by 3/(15/(-2))*(-37 - -2).
4
Let b = -110 - -195. What is the remainder when b is divided by (35 - 6) + 2 + -2?
27
Let m(g) = -14*g**2 - g + 266. Calculate the remainder when m(0) is divided by 68.
62
Suppose 145 = 10*c - 6*c - d, c = d + 34. Calculate the remainder when c is divided by 5.
2
Suppose 0 = 23*w - 51*w + 112. Calculate the remainder when 9 is divided by w.
1
Suppose -3*p - 809 = 2*j - 6*j, 5*p + 181 = j. What is the remainder when j is divided by 52?
50
Suppose -11 - 37 = -2*g. Let l = g + -9. Let d(n) = -n**3 - 5*n**2 - 5*n + 3. Calculate the remainder when d(-5) is divided by l.
13
Let u(c) = 9*c. Let f be ((-8)/(-10))/((-18)/(-45)). Let i be u(f). Calculate the remainder when 0/(3 + 1) + i is divided by 7.
4
Suppose 28 + 11 = 5*n - 4*l, 0 = -l - 1. Suppose -6*b = -n*b + 9. What is the remainder when 26 is divided by b?
8
What is the remainder when 2197 is divided by 55*((-8)/(-90))/((-22)/(-99))?
19
Suppose -5*z = 2*b - 16, 2*b - 4*z + 2 = -0. Suppose a - 17 = -n, -4*n - 50 = -b*a + 15. What is the remainder when (-1452)/(-26) - 18/(-117) is divided by a?
18
Suppose -2*v + 19 = -9. Suppose 3*q - v = 10. Calculate the remainder when 14 is divided by q.
6
Let p(r) = 30*r**3 + r**2 - 2*r + 1. Calculate the remainder when -19*(-3)/(60/92) - (-52)/(-130) is divided by p(1).
27
Suppose 49 = 5*k - 36. Let o = -1 + k. Calculate the remainder when 31 is divided by o.
15
Suppose 1010*o - 1012*o + 138 = 0. Calculate the remainder when o is divided by 7.
6
Let n = -59 - -86. What is the remainder when n is divided by 11 + 9 - (-2 - 1*-8)?
13
Let y = -395 - -439. What is the remainder when y is divided by 13 + (0 - (-1 + 2))?
8
Let w(v) = 16*v + 327. What is the remainder when w(-14) is divided by 56?
47
Suppose 60 = 13*q - 7*q. What is the remainder when 852/q + -1 + 25/(-125) is divided by 44?
40
Let h = 3 - 0. Suppose 8*t - 3 = 29. Suppose -54 = -t*c - 2*i, 4*c - 37 = c + 2*i. Calculate the remainder when c is divided by h.
1
Let z = -1054 + 1207. What is the remainder when z is divided by 3?
0
Let r be ((-9)/15)/(2/(-110)). Let c = r + -18. Suppose 0 = -3*o - 3*b + 7*b + 75, 0 = 5*b + c. Calculate the remainder when 82 is divided by o.
19
Let f = -185 - -329. What is the remainder when f is divided by 25?
19
Suppose 2*x + x = 12, -2*x - 127 = -3*y. What is the remainder when 136419/777 + 3/7 is divided by y?
41
Suppose -13*n = -17*n - 12. Calculate the remainder when 4/n*(-168)/16 is divided by 5.
4
Suppose -14*f - 6 = -16*f. What is the remainder when 37 is divided by f?
1
Let h = -1926 - -2072. Calculate the remainder when h is divided by 31.
22
Let a(g) = -5*g - 12. Let m(q) = -6*q - 13. Let l(k) = 4*a(k) - 3*m(k). Let x = -96 - -88. What is the remainder when l(x) is divided by 3?
1
Let l = 12 + 172. Suppose 8*r - l = 4*r. Calculate the remainder when r is divided by 10.
6
Suppose -70 - 224 = -6*d. Calculate the remainder when d is divided by 30.
19
Suppose -3*s = -8*s + 115. What is the remainder when 49 is divided by s?
3
Let b be 0/(2 + -1)*-1. Suppose -5*x - 324 = -3*q, 3*q + 2*x + 46 - 391 = b. What is the remainder when q is divided by 39?
35
Suppose -c + 5*c - 24 = 0. Suppose -26 = -5*z - c. Suppose -z*v + 89 = 5. What is the remainder when v is divided by 6?
3
Let v = 19 + -7. Let y(s) = -2*s + 16. Let h be y(v). Let r = 27 + h. Calculate the remainder when r is divided by 10.
9
Let n(d) = 4*d**3 - 2*d**2 + 40*d - 85. Suppose -116 = -2*s - 2*f, -2*s + 3*f = -0*f - 96. Calculate the remainder when s is divided by n(2).
16
Let v be ((-8)/(-3))/((-9)/(-216)). Suppose v = t - o, -o = -5*o + 16. What is the remainder when t is divided by 23?
22
Suppose -36*w + 3*u - 1173 = -39*w, 5*w - 2*u - 1920 = 0. Calculate the remainder when w is divided by 30.
26
Let p = -27 + 33. Suppose q - 3*q = -p. Suppose u = q*m, -3*m = 3*u - 8*m - 12. What is the remainder when 17 is divided by u?
8
Let n = 73 - 38. Calculate the remainder when (40/(-50))/((-1)/n) is divided by 10.
8
Let q(v) = 10*v - 40. What is the remainder when q(10) is divided by 32?
28
Let s(m) = -m**3 - 9*m**2 + 7*m - 12. Calculate the remainder when s(-10) is divided by 15.
3
Let b be -1 + -55 - (4 - 2) - 2. Let v = 75 + b. Calculate the remainder when 43 is divided by v.
13
Suppose 0 = 63*r - 5*r - 16124. Calculate the remainder when r is divided by 5.
3
Suppose 0 = 2*l - 3*l - d + 76, -3*l = d - 238. What is the remainder when l is divided by 34?
13
Let i(v) = 7*v**2 - v. What is the remainder when i(5) is divided by 62?
46
Suppose -2*k + 9 = -37. Suppose -11*j - 896 = -4*j. Let y = j - -217. What is the remainder when y is divided by k?
20
Let t = -62 - -111. Suppose 5*a - 4*u + 186 + 53 = 0, -212 = 4*a + 2*u. Let c = a - -76. What is the remainder when t is divided by c?
24
Suppose 180 = 310*s - 301*s. Suppose 2*j - 3 = -1, -5*m = -j - 29. Calculate the remainder when s is divided by m.
2
Let f(b) = 22*b**2 + 2*b - 14. Calculate the remainder when f(3) is divided by 6.
4
Suppose 4*x = 2*x - 2. Let s be x*23 - (3 - 2). Let u = -10 - s. Calculate the remainder when 53 is divided by u.
11
Suppose -i - 108 = -136. What is the remainder when 122 is divided by i?
10
Suppose -3*i + 76 = 4*w, 2*w - 5*i - 28 = -4*i. Suppose 0 = -5*o + 7*o - w. What is the remainder when 37 is divided by o?
5
Let b = -895 - -932. Calculate the remainder when b is divided by 13.
11
Let b(i) = i**3 + 20*i**2 - 69*i + 8. What is the remainder when 158 is divided by b(-23)?
6
Suppose -68*t = -316*t - 634 + 7826. Let j = -186 + 267. What is the remainder when j is divided by t?
23
Let q = 17 + -5. Calculate the remainder when q is divided by -3 + (9 - (-1 - -3)).
0
Let d be 18/36 - (-62)/(-8)*-2. Suppose -c + d - 4 = 0. Calculate the remainder when 18 is divided by c.
6
Suppose 2*n - p = 106 + 113, -4*p - 543 = -5*n. Calculate the remainder when 131 is divided by n.
20
Suppose 3*q + 2*q = 880. Let t = q + -74. What is the remainder when t is divided by 26?
24
Let u(l) = l**2 - 12*l + 50. What is the remainder when 161 is divided by u(5)?
11
Suppose 6 = 3*v + 3*p - 0*p, 5*p = -3*v + 4. Suppose 2*r + v*q - 53 = r, -3*q + 194 = 4*r. What is the remainder when 185 is divided by r?
44
Suppose -4*i = 2*c - 16, i = 2*c - 5 - 16. Let p(z) = z + 9. Calculate the remainder when 35 + c/(-5) + 1 is divided by p(0).
7
Suppose 7*u = 35*u - 2100. Suppose 0 = -0*b - 2*b + 10. Suppose 27 = b*p - 68. Calculate the remainder when u is divided by p.
18
Let j(y) = 61*y + 6. Let s be j(6). Suppose -s = -5*b + 2*b. Suppose 0 = 5*o - 2*r - 123, 0*o - b = -5*o + r. What is the remainder when 73 is divided by o?
23
Suppose 9*z = 94 + 239. Calculate the remainder when 219 is divided by z.
34
Let b(c) = -c**2 - 8*c - 5. Let k be b(-7). Suppose -k - 1 = -3*v, 0 = -2*f - 5*v + 125. What is the remainder when f is divided by 21?
18
Let q = 6 + -2. Suppose q*s - 49 = 67. Suppose 2*r - 15 = -3. What is the remainder when s is divided by r?
5
Suppose r - 2*r + 3*x = 1, 4*r - x - 51 = 0. Let k = 14 - r. Suppose 4*s - 4*o - 44 = k, -2 = 3*s + 3*o - 5. Calculate the remainder when 15 is divided by s.
3
Let c = 29 + -10. Let u(t) = -3*t - 8 - 2 + 3 - 4. Calculate the remainder when c is divided by u(-6).
5
Suppose k + 2*a - 82 = 0, 2*k - 11*a = -9*a + 152. Calculate the remainder when 301 is divided by k.
67
Let h(m) = m**2 - 2*m - 67. Let v be h(-8). Suppose a + 6 = 2*j + 4*a, 10 = 3*j + 5*a. Let z = v - j. Calculate the remainder when 50 is divided by z.
11
Suppose -21*o + 720 = -6*o. Calculate the remainder when 381 is divided by o.
45
Let a = 7 - 3. Suppose -12 = -a*b + 208. What is the remainder when b is divided by 20?
15
Let o(u) = u**2 - 20*u + 41. Let v be o(18). Suppose 5*g + v*b - 30 = 20, 5*g - 20 = 5*b. Calculate the remainder when 54 is divided by g.
5
Suppose 2*x 